nd 229456162.
2327
Calculate the greatest common divisor of 17 and 139079975.
17
What is the greatest common divisor of 24207281 and 312408?
4339
What is the highest common divisor of 90532097 and 12023?
1093
Calculate the greatest common factor of 926611 and 133.
133
Calculate the highest common factor of 141440 and 15184.
208
What is the greatest common divisor of 25043 and 1590744?
79
What is the greatest common factor of 129497225 and 7150?
3575
What is the greatest common factor of 136 and 20800792?
136
Calculate the greatest common factor of 292306167 and 522.
261
Calculate the greatest common divisor of 7112 and 246888.
1016
What is the highest common divisor of 5291 and 247573586?
481
Calculate the greatest common factor of 725 and 1167275.
25
What is the greatest common divisor of 1351 and 26483267?
193
What is the greatest common divisor of 172234682 and 66408?
5534
What is the highest common divisor of 14 and 18668083?
7
Calculate the greatest common divisor of 1324 and 24916687.
331
Calculate the greatest common divisor of 497166 and 697386.
282
Calculate the highest common divisor of 102370071 and 287.
41
Calculate the greatest common divisor of 91 and 20635979.
91
Calculate the greatest common divisor of 14 and 723804018.
14
Calculate the highest common divisor of 4403178 and 192231.
3627
What is the greatest common factor of 1206 and 81438567?
201
What is the greatest common divisor of 4109 and 38847073?
587
Calculate the highest common factor of 99406 and 216016.
46
What is the highest common divisor of 7324048 and 19628?
2804
Calculate the greatest common factor of 38484435 and 1045.
55
What is the greatest common divisor of 20011184 and 163?
163
Calculate the greatest common factor of 304 and 130758.
38
Calculate the greatest common factor of 29027140 and 414740.
4660
What is the highest common divisor of 305805600 and 1600?
800
Calculate the greatest common factor of 820148 and 3638.
34
Calculate the highest common divisor of 27343 and 880193.
37
What is the greatest common divisor of 106560 and 1620?
180
What is the greatest common divisor of 60 and 755436?
12
Calculate the highest common factor of 1994823 and 79257.
87
What is the highest common divisor of 1578472 and 275518?
794
Calculate the greatest common factor of 4557098 and 6174.
686
Calculate the highest common divisor of 9 and 129128859.
9
What is the highest common divisor of 25672462 and 38571?
989
What is the greatest common factor of 177 and 22928664?
3
What is the highest common divisor of 442232 and 371000?
2968
What is the greatest common divisor of 48 and 106709976?
24
What is the greatest common divisor of 9275 and 26782?
7
What is the highest common factor of 58000190 and 10?
10
What is the highest common divisor of 13809950 and 308?
154
Calculate the highest common factor of 106103747 and 573.
191
Calculate the highest common factor of 5926378 and 2.
2
What is the greatest common factor of 23218 and 36062?
494
Calculate the highest common divisor of 208 and 138526622.
26
Calculate the greatest common factor of 1742 and 422448.
26
What is the highest common factor of 865083272 and 3813?
1271
What is the greatest common divisor of 4848 and 45831376?
1616
Calculate the highest common divisor of 34000 and 441500.
500
What is the greatest common factor of 26544 and 340617032?
4424
What is the highest common divisor of 25077858 and 208?
26
Calculate the greatest common divisor of 29583864 and 22088.
2008
What is the greatest common factor of 420802450 and 125?
25
Calculate the highest common factor of 361 and 82101147.
361
What is the greatest common factor of 1274 and 6208447?
49
What is the greatest common factor of 18741 and 801?
3
What is the highest common factor of 43323907 and 15752?
1969
What is the highest common factor of 624 and 275688?
24
Calculate the highest common divisor of 262818 and 49383.
837
Calculate the greatest common divisor of 6990 and 5160018.
1398
What is the greatest common factor of 43355384 and 305?
61
Calculate the greatest common divisor of 133314 and 6535.
1307
Calculate the greatest common factor of 55 and 12414585.
5
Calculate the highest common divisor of 1119752 and 376.
8
Calculate the highest common divisor of 251156342 and 9058.
1294
What is the greatest common factor of 132 and 80146?
22
What is the highest common factor of 1230 and 8905200?
1230
Calculate the greatest common divisor of 2386875 and 95.
95
Calculate the highest common divisor of 311 and 79864800.
311
What is the highest common divisor of 12906 and 4394682?
54
Calculate the highest common divisor of 18951960 and 120.
120
Calculate the greatest common divisor of 1680 and 1895480.
40
Calculate the highest common divisor of 291 and 734592.
3
Calculate the greatest common divisor of 289949 and 110.
11
Calculate the highest common factor of 2 and 4640862.
2
What is the highest common factor of 1685994 and 147561?
1461
Calculate the highest common factor of 1320 and 1686575.
55
Calculate the highest common factor of 144 and 10804816.
16
Calculate the greatest common divisor of 723956 and 464.
116
Calculate the greatest common factor of 8526 and 16017512.
2842
Calculate the highest common divisor of 268946 and 1595.
29
Calculate the greatest common factor of 1028606 and 11863837.
8717
What is the highest common factor of 130 and 9546290?
130
What is the greatest common divisor of 89271 and 102373236?
6867
Calculate the greatest common divisor of 29798670 and 45.
15
Calculate the highest common factor of 3394310 and 155630.
1970
What is the highest common factor of 985034299 and 211?
211
What is the highest common divisor of 10552476 and 492?
12
Calculate the highest common divisor of 443 and 47970255.
443
What is the greatest common factor of 47310 and 70004607?
4731
What is the greatest common factor of 534816 and 1485?
27
What is the greatest common factor of 1120 and 54304840?
40
Calculate the highest common divisor of 350342 and 1652.
118
What is the greatest common factor of 75045876 and 8142?
354
Calculate the greatest common factor of 17154826 and 54418.
598
Calculate the highest common divisor of 44 and 4428724.
4
What is the highest common divisor of 11064 and 824976?
24
Calculate the greatest common divisor of 5400120 and 10120.
440
What is the highest common factor of 9403900 and 105908?
3652
Calculate the greatest common factor of 16448 and 2224078.
514
Calculate the highest common factor of 26 and 332252.
2
Calculate the highest common divisor of 2772432 and 3816.
72
Calculate the highest common factor of 1102761 and 594.
297
What is the highest common divisor of 130360 and 133880?
40
Calculate the highest common divisor of 3089971 and 238.
17
Calculate the highest common factor of 984 and 216488.
8
What is the highest common divisor of 42550 and 580750?
1150
Calculate the greatest common factor of 2375 and 675875.
125
Calculate the highest common factor of 107173 and 45221.
11
Calculate the greatest common factor of 272146 and 4214.
98
Calculate the greatest common factor of 192 and 6518.
2
Calculate the highest common factor of 574 and 113374020.
82
Calculate the highest common divisor of 68 and 12613966.
34
Calculate the greatest common factor of 1221638 and 8.
2
What is the greatest common divisor of 1002 and 26310?
6
What is the highest common factor of 753128 and 45736?
8
What is the highest common divisor of 3862435 and 89680?
295
What is the highest common factor of 12 and 15796436?
4
What is the highest common factor of 45 and 2528770?
5
What is the greatest common factor of 26 and 3739749260?
26
What is the greatest common factor of 79184676 and 3063?
3063
Calculate the greatest common factor of 1220156712 and 96.
24
Calculate the highest common divisor of 26334016 and 128.
64
Calculate the highest common divisor of 177536 and 5865696.
2336
Calculate the highest common factor of 323706172 and 1068.
356
Calculate the highest common factor of 60 and 5580345.
15
What is the highest common divisor of 222162597 and 21831?
1149
Calculate the highest common divisor of 49058 and 43966.
38
Calculate the greatest common factor of 3182 and 1815812.
74
What is the greatest common factor of 4719 and 2142192?
39
What is the highest common divisor 